832293
List the prime factors of 386061.
3, 13, 19, 521
What are the prime factors of 438452?
2, 7, 2237
List the prime factors of 7193788.
2, 7, 17, 127
List the prime factors of 1195277.
1195277
List the prime factors of 128583.
3, 7, 13, 157
What are the prime factors of 1433646?
2, 3, 139, 191
What are the prime factors of 66753?
3, 7417
List the prime factors of 2206335.
3, 5, 147089
List the prime factors of 927849.
3, 13, 37, 643
What are the prime factors of 36655468?
2, 17, 23, 1019
List the prime factors of 355900.
2, 5, 3559
List the prime factors of 362706.
2, 3, 61, 991
List the prime factors of 8916429.
3, 1303, 2281
List the prime factors of 36618795.
3, 5, 19, 42829
What are the prime factors of 39066?
2, 3, 17, 383
List the prime factors of 863290.
2, 5, 131, 659
List the prime factors of 718007.
718007
What are the prime factors of 198184?
2, 7, 3539
List the prime factors of 175876.
2, 43969
List the prime factors of 5336065.
5, 7, 152459
List the prime factors of 8746341.
3, 1321, 2207
What are the prime factors of 489298?
2, 349, 701
List the prime factors of 89111.
11, 8101
List the prime factors of 196345.
5, 107, 367
List the prime factors of 156187.
313, 499
What are the prime factors of 101013?
3, 11, 3061
List the prime factors of 18201222.
2, 3, 13, 77783
What are the prime factors of 278843?
278843
List the prime factors of 10724970.
2, 3, 5, 131, 2729
What are the prime factors of 385245?
3, 5, 7, 1223
List the prime factors of 737659.
13, 179, 317
What are the prime factors of 149849?
7, 21407
List the prime factors of 173177.
173177
List the prime factors of 29394046.
2, 11, 23, 5281
What are the prime factors of 1827466?
2, 17, 59, 911
List the prime factors of 1113937.
11, 101267
List the prime factors of 2856170.
2, 5, 17, 53, 317
What are the prime factors of 44954?
2, 7, 13, 19
What are the prime factors of 245609?
7, 13, 2699
List the prime factors of 413729.
17, 24337
List the prime factors of 5037984.
2, 3, 7, 17
What are the prime factors of 296644?
2, 74161
List the prime factors of 13369069.
7, 853, 2239
List the prime factors of 49384.
2, 6173
What are the prime factors of 32432?
2, 2027
List the prime factors of 1343137.
31, 37, 1171
List the prime factors of 4316338.
2, 13, 166013
What are the prime factors of 30155346?
2, 3, 13, 23, 431
What are the prime factors of 1777404?
2, 3, 73, 2029
List the prime factors of 32793.
3, 17, 643
List the prime factors of 85349.
11, 7759
What are the prime factors of 809490?
2, 3, 5, 11, 223
List the prime factors of 494899.
494899
List the prime factors of 35656249.
35656249
List the prime factors of 34243.
11, 283
List the prime factors of 508653.
3, 18839
What are the prime factors of 321354?
2, 3, 11, 541
What are the prime factors of 5296091?
5296091
List the prime factors of 1888353.
3, 19, 409
List the prime factors of 2501747.
1249, 2003
List the prime factors of 3075874.
2, 1537937
List the prime factors of 932752.
2, 97, 601
What are the prime factors of 1905969?
3, 13, 48871
List the prime factors of 3886810.
2, 5, 197, 1973
List the prime factors of 60526.
2, 53, 571
List the prime factors of 14408861.
293, 49177
What are the prime factors of 270284?
2, 7, 197
List the prime factors of 427667.
647, 661
List the prime factors of 13901561.
631, 22031
List the prime factors of 1486016.
2, 7, 31, 107
What are the prime factors of 7311817?
41, 139, 1283
List the prime factors of 144588.
2, 3, 12049
List the prime factors of 4247903.
11, 386173
What are the prime factors of 389863?
197, 1979
List the prime factors of 20278852.
2, 11, 19, 127, 191
List the prime factors of 912572.
2, 29, 7867
List the prime factors of 189389.
189389
What are the prime factors of 33852856?
2, 4231607
List the prime factors of 18809076.
2, 3, 11, 13, 97, 113
List the prime factors of 832473.
3, 17, 5441
List the prime factors of 25884502.
2, 7, 223, 8291
What are the prime factors of 6992205?
3, 5, 11, 31, 1367
What are the prime factors of 289524?
2, 3, 23, 1049
List the prime factors of 1015396.
2, 97, 2617
List the prime factors of 34129680.
2, 3, 5, 13, 10939
List the prime factors of 100014.
2, 3, 79, 211
What are the prime factors of 2519856?
2, 3, 19, 307
What are the prime factors of 703620?
2, 3, 5, 1303
What are the prime factors of 3347?
3347
List the prime factors of 13361738.
2, 13, 131, 3923
List the prime factors of 821299.
97, 8467
What are the prime factors of 2943530?
2, 5, 294353
What are the prime factors of 36192?
2, 3, 13, 29
What are the prime factors of 597710?
2, 5, 59771
What are the prime factors of 115745?
5, 7, 3307
What are the prime factors of 1012936?
2, 53, 2389
What are the prime factors of 128805?
3, 5, 31, 277
List the prime factors of 457986.
2, 3, 37, 2063
List the prime factors of 2035659.
3, 678553
What are the prime factors of 510831?
3, 211, 269
List the prime factors of 5506.
2, 2753
List the prime factors of 6799354.
2, 17, 31, 6451
List the prime factors of 4670943.
3, 29, 53, 1013
List the prime factors of 479906.
2, 7, 59, 83
List the prime factors of 1927132.
2, 19, 25357
List the prime factors of 9132363.
3, 337, 3011
What are the prime factors of 10122916?
2, 127, 19927
What are the prime factors of 73573?
29, 43, 59
What are the prime factors of 1468951?
11, 133541
List the prime factors of 795177.
3, 9817
What are the prime factors of 3287153?
661, 4973
List the prime factors of 1499357.
1499357
What are the prime factors of 174465?
3, 5, 3877
What are the prime factors of 15245973?
3, 41, 79, 523
List the prime factors of 9538367.
9538367
What are the prime factors of 4318004?
2, 439, 2459
List the prime factors of 10631204.
2, 2657801
What are the prime factors of 321093?
3, 35677
List the prime factors of 429228.
2, 3, 11923
What are the prime factors of 2628828?
2, 3, 101, 241
What are the prime factors of 3219880?
2, 5, 101, 797
List the prime factors of 758110.
2, 5, 47, 1613
What are the prime factors of 62631?
3, 6959
List the prime factors of 1763106.
2, 3, 457, 643
What are the prime factors of 235155?
3, 5, 61, 257
List the prime factors of 93525.
3, 5, 29, 43
List the prime factors of 12829394.
2, 43, 241, 619
List the prime factors of 189917.
7, 13, 2087
List the prime factors of 92680.
2, 5, 7, 331
What are the prime factors of 2462155?
5, 492431
List the prime factors of 11187726.
2, 3, 11, 337, 503
List the prime factors of 2016564.
2, 3, 11, 15277
What are the prime factors of 108358?
2, 17, 3187
List the prime factors of 23601799.
13, 1815523
List the prime factors of 8192741.
733, 11177
What are the prime factors of 557890?
2, 5, 47, 1187
What are the prime factors of 813716?
2, 203429
What are the prime factors of 1715544?
2, 3, 23827
What are the prime factors of 147345?
3, 5, 11, 19, 47
What are the prime factors of 1582693?
7, 226099
What are the prime factors of 70260?
2, 3, 5, 1171
What are the prime factors of 695702?
2, 7, 31, 229
List the prime factors of 459576.
2, 3, 13, 491
What are the prime factors of 752607?
3, 17, 4919
List the prime factors of 2458215.
3, 5, 131, 139
What are the prime factors of 96512?
2, 13, 29
List the prime factors of 2341242.
2, 3, 130069
What are the prime factors of 23003574?
2, 3, 11, 71, 4909
List the prime factors of 2636468.
2, 73, 9029
What are the prime factors of 1505?
5, 7, 43
List the prime factors of 723031.
723031
List the prime factors of 14439299.
7, 2062757
List the prime factors of 337112.
2, 42139
List the prime factors of 358434.
2, 3, 19913
What are the prime factors of 3032084?
2, 11, 137, 503
What are the prime factors of 437405?
5, 87481
List the prime factors of 752674.
2, 13, 28949
What are the prime factors of 2014203?
3, 671401
List the prime factors of 1955452.
2, 139, 3517
What are the prime factors of 593771?
631, 941
List the prime factors of 2151810.
2, 3, 5, 23909
List the prime factors of 11603228.
2, 7, 13, 127, 251
What are the prime factors of 320882?
2, 160441
What are the prime factors of 27298?
2, 13649
List the prime factors of 10535800.
2, 5, 11, 4789
What are the prime factors of 849211?
11, 77201
What are the prime factors of 483084?
2, 3, 7, 71
List the prime factors of 323184.
2, 3, 6733
List the prime factors of 237